 remainder when 137611 is divided by 564?
559
Calculate the remainder when 108 is divided by 5.
3
What is the remainder when 26360 is divided by 41?
38
Calculate the remainder when 141950 is divided by 35.
25
Calculate the remainder when 133500 is divided by 22.
4
What is the remainder when 85099 is divided by 20?
19
Calculate the remainder when 7704 is divided by 63.
18
Calculate the remainder when 794527 is divided by 794524.
3
Calculate the remainder when 6714 is divided by 3353.
8
Calculate the remainder when 6176 is divided by 910.
716
What is the remainder when 188401 is divided by 188392?
9
Calculate the remainder when 17930 is divided by 408.
386
Calculate the remainder when 43624 is divided by 4847.
1
What is the remainder when 733654 is divided by 5?
4
What is the remainder when 14365 is divided by 2379?
91
Calculate the remainder when 979813 is divided by 108868.
1
Calculate the remainder when 348 is divided by 135.
78
What is the remainder when 1654182 is divided by 109?
107
What is the remainder when 34440 is divided by 883?
3
Calculate the remainder when 40763 is divided by 34.
31
What is the remainder when 92481 is divided by 15413?
3
Calculate the remainder when 518 is divided by 1.
0
Calculate the remainder when 2640 is divided by 821.
177
What is the remainder when 1657 is divided by 120?
97
Calculate the remainder when 116767 is divided by 4.
3
Calculate the remainder when 1427 is divided by 52.
23
Calculate the remainder when 28464 is divided by 3159.
33
What is the remainder when 5515 is divided by 564?
439
What is the remainder when 83639 is divided by 103?
3
What is the remainder when 16481 is divided by 820?
81
What is the remainder when 1842 is divided by 282?
150
Calculate the remainder when 72927 is divided by 663.
660
Calculate the remainder when 552627 is divided by 155.
52
Calculate the remainder when 110 is divided by 50.
10
Calculate the remainder when 158072 is divided by 39514.
16
Calculate the remainder when 12422 is divided by 1286.
848
Calculate the remainder when 14618 is divided by 542.
526
What is the remainder when 21762 is divided by 340?
2
What is the remainder when 20603 is divided by 300?
203
Calculate the remainder when 888173 is divided by 40371.
11
What is the remainder when 72647 is divided by 25?
22
Calculate the remainder when 7556 is divided by 2257.
785
Calculate the remainder when 37879 is divided by 23.
21
Calculate the remainder when 1052 is divided by 261.
8
Calculate the remainder when 8014 is divided by 533.
19
What is the remainder when 4805 is divided by 694?
641
Calculate the remainder when 99531 is divided by 1345.
1
What is the remainder when 21021 is divided by 447?
12
Calculate the remainder when 8234 is divided by 305.
304
Calculate the remainder when 47161 is divided by 1429.
4
Calculate the remainder when 6116 is divided by 104.
84
Calculate the remainder when 2716 is divided by 302.
300
What is the remainder when 1972 is divided by 315?
82
What is the remainder when 100991 is divided by 69?
44
What is the remainder when 17227 is divided by 36?
19
Calculate the remainder when 4270 is divided by 536.
518
Calculate the remainder when 31552 is divided by 1660.
12
Calculate the remainder when 3487 is divided by 1638.
211
What is the remainder when 39685 is divided by 81?
76
Calculate the remainder when 65076 is divided by 971.
19
Calculate the remainder when 430007 is divided by 14.
11
Calculate the remainder when 71747 is divided by 70.
67
Calculate the remainder when 41148 is divided by 134.
10
What is the remainder when 4663663 is divided by 1058?
1057
Calculate the remainder when 67365 is divided by 22450.
15
What is the remainder when 71187 is divided by 895?
482
What is the remainder when 5487 is divided by 1755?
222
Calculate the remainder when 4629 is divided by 326.
65
Calculate the remainder when 328431 is divided by 23456.
47
What is the remainder when 16279 is divided by 55?
54
What is the remainder when 75403 is divided by 54?
19
Calculate the remainder when 1156 is divided by 51.
34
What is the remainder when 68792 is divided by 5?
2
Calculate the remainder when 56375 is divided by 2684.
11
Calculate the remainder when 466736 is divided by 58342.
0
Calculate the remainder when 1138933 is divided by 254.
251
What is the remainder when 4239 is divided by 1050?
39
Calculate the remainder when 1870 is divided by 119.
85
What is the remainder when 10958 is divided by 391?
10
Calculate the remainder when 58276 is divided by 31.
27
Calculate the remainder when 13228 is divided by 783.
700
What is the remainder when 7348 is divided by 7337?
11
What is the remainder when 8103 is divided by 100?
3
Calculate the remainder when 2578 is divided by 322.
2
Calculate the remainder when 7837 is divided by 295.
167
Calculate the remainder when 144430 is divided by 963.
943
What is the remainder when 266 is divided by 10?
6
Calculate the remainder when 97982 is divided by 5763.
11
Calculate the remainder when 14533 is divided by 45.
43
What is the remainder when 69237 is divided by 48?
21
Calculate the remainder when 14845 is divided by 22.
17
What is the remainder when 112024 is divided by 25?
24
Calculate the remainder when 323930 is divided by 92.
90
Calculate the remainder when 1419 is divided by 1351.
68
Calculate the remainder when 3287 is divided by 3280.
7
What is the remainder when 50511 is divided by 47?
33
Calculate the remainder when 16544 is divided by 8265.
14
What is the remainder when 358523 is divided by 717?
23
What is the remainder when 1581 is divided by 333?
249
What is the remainder when 695690 is divided by 29?
9
What is the remainder when 11277 is divided by 376?
373
Calculate the remainder when 33579 is divided by 11174.
57
Calculate the remainder when 28353 is divided by 12.
9
Calculate the remainder when 4605 is divided by 1532.
9
Calculate the remainder when 904757 is divided by 1287.
1283
Calculate the remainder when 1063 is divided by 119.
111
What is the remainder when 188781 is divided by 94386?
9
What is the remainder when 119169 is divided by 37?
29
Calculate the remainder when 50620 is divided by 16869.
13
What is the remainder when 2763429 is divided by 18?
15
What is the remainder when 1494544 is divided by 163?
160
Calculate the remainder when 1991 is divided by 161.
59
What is the remainder when 173 is divided by 41?
9
Calculate the remainder when 181266 is divided by 110.
96
Calculate the remainder when 102679 is divided by 218.
1
What is the remainder when 2936 is divided by 1313?
310
What is the remainder when 1521 is divided by 443?
192
Calculate the remainder when 13867 is divided by 1258.
29
Calculate the remainder when 7982 is divided by 3897.
188
What is the remainder when 15341 is divided by 202?
191
Calculate the remainder when 161209 is divided by 630.
559
What is the remainder when 15442 is divided by 734?
28
What is the remainder when 37435 is divided by 13?
8
Calculate the remainder when 148959 is divided by 140.
139
What is the remainder when 73471 is divided by 36703?
65
Calculate the remainder when 3076 is divided by 43.
23
What is the remainder when 156095 is divided by 24?
23
What is the remainder when 8001 is divided by 712?
169
Calculate the remainder when 6856 is divided by 16.
8
Calculate the remainder when 2323 is divided by 294.
265
What is the remainder when 2952 is divided by 736?
8
What is the remainder when 2848 is divided by 938?
34
What is the remainder when 381993 is divided by 324?
321
Calculate the remainder when 8119 is divided by 40.
39
Calculate the remainder when 179 is divided by 165.
14
Calculate the remainder when 285748 is divided by 375.
373
Calculate the remainder when 32281 is divided by 4587.
172
Calculate the remainder when 1041 is divided by 49.
12
What is the remainder when 5760 is divided by 64?
0
What is the remainder when 78504 is divided by 3140?
4
What is the remainder when 11713 is divided by 690?
673
What is the remainder when 35340 is divided by 146?
8
Calculate the remainder when 104339 is divided by 117.
92
What is the remainder when 14618 is divided by 3?
2
What is the remainder when 66332 is divided by 107?
99
What is the remainder when 1983 is divided by 657?
12
What is the remain